h. Let x be o(4). Calculate the highest common divisor of x and s.
6
Let n(c) = c**3 + 4*c**2 - 5*c + 12. Let f be ((-8)/12)/2 - 42/9. Let r be n(f). What is the greatest common divisor of r and 8?
4
Let w be (-15)/(-5) + -1 + -1. Suppose w - 21 = -2*p - s, 0 = -2*s. Let o = 29 - -11. What is the greatest common divisor of o and p?
10
Let y(g) be the second derivative of -g**5/20 + g**4/3 + g**3 + 3*g**2/2 + 7*g. Let r be y(6). Let i = r - -96. Calculate the greatest common factor of i and 9.
9
Let y(l) = 393*l. Let c be y(1). Suppose 5*p + 2*w - c = -69, -5*w + 138 = 2*p. Calculate the greatest common factor of p and 160.
32
Let z(q) = q**2 + 29*q + 38. Let w be z(-29). What is the highest common divisor of 950 and w?
38
Suppose 35 = 2*t - s, -5*t + 0*t - 5*s = -80. Suppose 5*c - 751 = 184. Calculate the highest common factor of c and t.
17
Let k = 24 - 3. Suppose -k + 3 = -f. What is the greatest common factor of 2 and f?
2
Let w(u) = 6*u - 8. Let g be w(9). Let c = g - 34. Suppose 5*z = 2*z + m + 139, 4*z - 167 = 5*m. Calculate the greatest common factor of z and c.
12
Suppose -27*l = -b - 31*l - 1, -l = 2*b - 19. What is the highest common divisor of 451 and b?
11
Let t = 3 + 4. Suppose t*a - 6*a - 3*f - 73 = 0, -f = -a + 67. What is the highest common divisor of 96 and a?
32
Suppose 9*j - 115 = 65. Suppose 2*l = -2*l + j. Let b = l + 7. Calculate the highest common factor of 18 and b.
6
Let s be -3 - (22/(-99) + (-52)/9). Calculate the highest common factor of s and 72.
3
Let v = 173 + -165. What is the greatest common factor of v and 392?
8
Let p = -258 + 386. Calculate the greatest common divisor of 320 and p.
64
Suppose -7*b + 62 = -29. Calculate the greatest common divisor of 923 and b.
13
Let a(p) = -41*p - 374. Let t be a(-10). Calculate the highest common factor of t and 162.
18
Suppose -4*l - 2*t + 20 = 3*t, 0 = -4*t. Suppose -5*r = 4*s - 20, 0 = 2*s - 0*s - l*r - 10. Calculate the greatest common factor of s and 1.
1
Let w(k) = 5*k**2 + k. Let g be w(-1). Suppose 3*u + g - 22 = 0. Let j be (-1)/(-2*3/u). What is the highest common factor of j and 3?
1
Let c = 7 - -11. Suppose 5*k - c = -3. What is the greatest common factor of k and 12?
3
Let z be (-1577)/(-2) + (-770)/(-220). What is the highest common divisor of 72 and z?
72
Suppose 28 = 3*b - 2. Let l(j) = 5*j - 24. Let o be l(b). Calculate the greatest common divisor of o and 234.
26
Let k be 128/10 + 16/(-20). Suppose 2*i - 38 = -k. Let f(l) = l + 117. Let b be f(0). Calculate the highest common divisor of i and b.
13
Let z(f) = -f**2 - 9*f - 6. Let o(y) = -3*y + 2. Let i be o(3). Let g be z(i). Let v be 1 + 25 - 2*1. Calculate the greatest common factor of v and g.
8
Suppose -7 = n - 106. Calculate the greatest common divisor of n and 11.
11
Let a = 47 - 48. Let b be 295 + (-5 + 3 - a). What is the greatest common divisor of b and 42?
42
Let z = 27 - 59. Let q be 66/4*z/(-12). Suppose 332*u - 1430 = 319*u. What is the highest common factor of u and q?
22
Suppose 2*o - o + 3 = 0. Let l be o/(-2)*26 + 3. Suppose -l = -5*i + 13. Calculate the greatest common divisor of 11 and i.
11
Let c be (-4 + 1 - 0) + 20. Suppose -h + 0 = 3, 73 = -5*v - h. Let n be (-4)/v + 948/14. Calculate the highest common factor of n and c.
17
Let b = -39 - -41. Suppose -10 = -n - 2*v, 0 = b*n + 3*n + 3*v - 36. Calculate the greatest common factor of 24 and n.
6
Let j(b) = -2*b**2 + 3*b - 5. Let c be j(4). Let v = -13 - c. Let w(d) = 5*d - 18. Let y be w(v). Calculate the highest common factor of 14 and y.
14
Let c = 145 - 96. Suppose -3*t + 3*p = -27, t = -3*t - 2*p + 24. What is the greatest common factor of c and t?
7
Let m = 2666 - 2530. Calculate the greatest common factor of m and 918.
34
Let k be (-2134)/(-14) + (-3)/((-189)/36). What is the highest common factor of k and 17?
17
Let b be 128/9 - (-6)/(-27). Let d(f) = -f**3 + 24*f**2 + 24*f + 25. Let s be d(25). Suppose s = k - 0*k - b. What is the greatest common factor of 28 and k?
14
Let y(j) = 4*j**2 - 3*j - 4. Let n = -17 - -21. Let u be y(n). What is the greatest common divisor of u and 48?
48
Suppose 4*w = 27 + 5. Let j = 126 + -124. What is the greatest common factor of w and j?
2
Suppose l + 6*l - 98 = 0. Suppose -24*k - l = -25*k. Let a be (21/k)/((-1)/(-6)). Calculate the greatest common factor of a and 3.
3
Let s be 3 + (5 - (-1 + -5)). Calculate the greatest common divisor of s and 238.
14
Let q = 34 + 11. Let c be ((-4)/(32/(-6)))/((-6)/(-144)). Calculate the highest common divisor of c and q.
9
Let s = 97 - 91. Let b(d) = -d + 45. Let w be b(s). Calculate the greatest common factor of 156 and w.
39
Let d be (-9)/(54/(-672))*2. What is the greatest common factor of d and 56?
56
Let v be ((-72)/20)/(3/(-10)). Suppose 18 = -15*s + 108. Calculate the greatest common factor of s and v.
6
Let c = 10036 + -5140. What is the highest common factor of c and 18?
18
Let p = -10 + 11. Let f(h) = 106*h**3 - 2*h**2 + h. Let y be f(p). Let i be (2/(-6))/(2/(-126)). Calculate the greatest common divisor of y and i.
21
Suppose -11*x = -61 + 6. What is the highest common divisor of 20 and x?
5
Suppose 3*l = 2*z - 71, -3*l + 184 = 4*z + 15. Let p = z - 16. What is the highest common divisor of p and 24?
24
Suppose 4*x - 665 = -x. Let q = x + -79. Calculate the highest common divisor of 18 and q.
18
Let p(x) = -7*x + 84. Let h be p(15). Let i be (-833)/h + (-2)/(-6). Calculate the greatest common divisor of i and 30.
10
Suppose 4*a = 19 - 7. Suppose a*x + 27 = 30. Calculate the greatest common divisor of 5 and x.
1
Suppose d = -5*n + 410, -5*d - 328 = -4*n - 9*d. Calculate the highest common factor of 615 and n.
41
Let r(h) = -h**2 - 46*h - 68. Let a be r(-44). What is the highest common divisor of a and 470?
10
Let o(t) = -t**2 - t + 36. Let s be o(0). Suppose -13 = -3*z + b, b = -3*z + 21 - 4. Let u = 7 + z. Calculate the highest common divisor of u and s.
12
Let a be 4/34 - ((-5400)/51 - 2). What is the greatest common factor of 8 and a?
4
Let c be (4 + -4)*(-2)/4. Suppose l + 2*s = 5, 2*l + s - 7 = -c*s. What is the highest common factor of l and 9?
3
Let o(j) = -j**3 + 42*j**2 - 43*j + 86. Let r be o(41). Calculate the greatest common divisor of 68 and r.
4
Let g = -1300 + 1861. What is the greatest common divisor of g and 51?
51
Let i = 1 - -15. Suppose -255 = -3*t - 3*d, 185 = 2*t - 0*d + 5*d. What is the greatest common factor of t and i?
16
Let t = 816 - 540. Let s = t + -106. What is the highest common divisor of 34 and s?
34
Let t(o) = 15*o + 35. Let v be t(4). Calculate the highest common divisor of 5 and v.
5
Let d = 36 + -31. Let q(w) = w**3 - 4*w**2 - 5*w + 4. Let s be q(d). Calculate the highest common factor of 4 and s.
4
Suppose -2*m = 5*a - 58, -3*a + 20 = -4*m - 20. Let r be (-1 + 1)/(1/(-1)). Suppose r = 2*h - 2 - 4. What is the greatest common divisor of a and h?
3
Let t(w) = -39*w - 23. Let v be t(4). Let o = v + 329. Calculate the greatest common divisor of 60 and o.
30
Let b(s) = 31*s**3 + s - 1. Let a be b(1). Suppose -1606 - 626 = -8*l. What is the highest common divisor of a and l?
31
Suppose 6*n + 40 = 8*n. Let i be 16/n*(3 - (-11 + -1)). What is the greatest common divisor of 12 and i?
12
Let l(s) = s**3 + 29 + 5*s - 35 + 3*s**2 + 5*s**2. Let r be l(-7). Calculate the greatest common factor of r and 16.
8
Let a(h) = 26*h + 1. Let i be a(1). Suppose -2160 = -17*d + 135. Calculate the highest common divisor of d and i.
27
Suppose 0 = 158*j - 169*j + 2002. Calculate the greatest common factor of 299 and j.
13
Suppose 204*t - 972 = 195*t. What is the greatest common divisor of t and 6?
6
Suppose 6*w + 9 = -9. Let c(j) = 11*j**2 - 5*j - 4. Let l be c(w). What is the highest common factor of l and 10?
10
Suppose -3526*t + 336 = -3519*t. Calculate the greatest common factor of t and 24.
24
Let c = 1514 + -1213. Calculate the highest common divisor of c and 344.
43
Suppose -4*n - 1382 = 2*y, 598 = 2*y - 2*n + 1980. Let i be ((-9)/2)/(1/(-222)). Let m = y + i. Calculate the greatest common divisor of m and 28.
28
Suppose 0 = -y - 13 - 108. Let z be y/(-3) + (-9)/27. Suppose -d = -0*d - 60. Calculate the greatest common factor of z and d.
20
Suppose i - 210 = 4*m + 127, 0 = 4*m - 4. What is the highest common divisor of i and